l be c(0). Suppose 0 = -5*a + 3*z - 6*z + 22, -l*a + 5 = 5*z. Calculate g(a).
-7
Let u(s) be the second derivative of -s**4/12 - s**3/6 + 9*s**2/2 + 3*s - 3. What is u(0)?
9
Suppose 5*r = -0*r + 20. Let i(b) = 3*b + 2*b**3 + 0*b**3 - b**3 - r + 5*b**2. Suppose 4*h + 16 = 0, -17*w - 8 = -20*w + 5*h. Calculate i(w).
0
Let w(l) = -l - 2*l**2 - 10 + 31 + 3*l**2 - 10. Calculate w(0).
11
Let f(q) = 0*q + q + q**2 + 1 + 5 + 4*q. Let h(s) be the first derivative of -s**4/4 - 4*s**3/3 + 4*s - 2. Let z be h(-3). Calculate f(z).
6
Let k(g) = 2*g + 1. Let i be -5 + 3 + (0 - 3). What is k(i)?
-9
Let n = 40 - 24. Suppose -2*f = 2*s - n, -3*s + 0*s = -f - 12. Let i = -7 + f. Let x(b) = -2*b - 3. Give x(i).
5
Let k(j) be the third derivative of -j**4/24 - j**3/6 - 2*j**2. Determine k(0).
-1
Suppose -3*z - 2*q + 9 = -2, -4*q = 5*z - 17. Let u(t) = 4*t - 9. Let f(d) = -5*d + 10. Let s(h) = z*f(h) + 6*u(h). Calculate s(-4).
0
Let z be (0 - -1 - 2)*-9. Let y = 3 - z. Let q(l) = l**3 + 7*l**2 + 6*l - 6. Determine q(y).
-6
Let b(g) = -g**2 - g + 1. Let u(h) = -4*h**2 - 7*h + 8. Let p(a) = -5*b(a) + u(a). Suppose -2*z + 1 + 3 = 0. Give p(z).
3
Let v(r) = r + 2. Let b = -25 + 21. Determine v(b).
-2
Let x = 14 - 8. Let u(h) = -h**3 + 12*h**2 - 2*h + 14. Let o(d) = -d**2 - d - 1. Let k(c) = -5*o(c) - u(c). Calculate k(x).
-3
Let v(j) be the third derivative of 7*j**4/24 - j**3/6 - j**2. Determine v(1).
6
Let m(x) = -4*x**3 + 5*x**2 - 2*x + 1. Let c(d) = d**3 - 2*d**2 + d. Let a(p) = 7*c(p) + 2*m(p). Let s(h) = -h - 2. Let j be s(2). What is a(j)?
-10
Suppose -5*s = -2*c - 16, -2 = -3*c + c - 4*s. Let g(h) be the third derivative of h**5/60 - h**4/12 - h**3/2 - 2*h**2. What is g(c)?
12
Suppose 0*f - f = 0. Let m be (-8)/(-2 + f - 0). Let d(n) = -n - 2. What is d(m)?
-6
Let c(q) = 4*q**2 + 2*q. Suppose -5 = -b - y, 2*b = 6*b + 3*y - 20. Suppose -5*n + 4*m - 13 = b, -n - 5*m + 8 = 0. Calculate c(n).
12
Suppose 5 = 21*x + 26. Let a(l) be the first derivative of -5*l**3/3 + l**2 + l + 1. Calculate a(x).
-6
Suppose -x + 5*x = -12. Let q(d) = -d - 5. Give q(x).
-2
Let n(u) = u**2 - 4*u + 1. Suppose 0 = -7*d + 4*d + 12. Determine n(d).
1
Suppose 3*q - 19 = 2*c, -10 = -c + 3*c. Let f(g) = g**3 - 3*g**2 + g + 2. Calculate f(q).
5
Let n(y) = 3*y**3 + 7*y**2 - 8*y + 7. Let o(g) = 4*g**3 + 8*g**2 - 8*g + 8. Let h(x) = -3*n(x) + 2*o(x). Give h(-6).
-17
Let z(d) = -d**2 + 8*d - 5. Let r be 3 - (-2)/(-4)*0. Let b(s) = -4*s + 1. Let g(l) = -5*l + 2. Let q(c) = -4*b(c) + 3*g(c). Let n be q(r). Determine z(n).
10
Let c(x) = -4*x + 11. Let q(m) = -7*m + 22. Let y(i) = 5*c(i) - 3*q(i). Suppose l = 3*l. What is y(l)?
-11
Let v(h) = h**3 + 7*h**2 - h - 5. Let s be v(-7). Let t(g) = -3*g + 2. Let z(x) = 50*x - 35. Let n(u) = s*z(u) + 35*t(u). Give n(1).
-5
Let b(z) = z**3 - 4*z**2 + z + 3. Let f(c) = c**2 + 6*c + 1. Let t be f(-6). Let n be (0 - -3) + t + 0. Let q be -4*n/((-16)/3). Calculate b(q).
-3
Let d(f) be the first derivative of -3*f**2/2 + 2*f - 50. Calculate d(-3).
11
Let v(l) = -l**3 - 6*l**2 + 9*l + 4. Let r(n) = 4*n**3 + 25*n**2 - 37*n - 16. Let q(y) = -2*r(y) - 9*v(y). Determine q(-5).
6
Let a(d) = -d**3 - 4*d**2 + 6*d. Suppose 31 = z + 11. Suppose k - 2*k = -3*o - 12, -o = 5*k + z. Determine a(o).
-5
Suppose 6*w + 29 = 5. Let g(t) = -t**3 - 5*t**2 - 3*t - 2. What is g(w)?
-6
Let p(i) = i**2 - 3*i - 7. Suppose 3*g = 8 + 10. What is p(g)?
11
Let w(y) = -7*y**3 - y**2 + 10*y + 5. Let g(i) = 6*i**3 - 9*i - 4. Let t(x) = 6*g(x) + 5*w(x). What is t(6)?
13
Let s(x) = 0*x**3 - x**3 - 1 - 6*x + x**2 + 0*x**3 + 5*x. Determine s(-2).
13
Let d = 0 - -1. Let u = -2 - d. Let t(l) be the second derivative of -l**5/20 - l**4/4 + l**3/2 + l**2 + 249*l. What is t(u)?
-7
Let z(h) = -14 - 4*h + 5*h**2 - 6*h**2 - 8*h. Determine z(-10).
6
Let n be -2 + (-2 - (-10 + 2)). Let q(h) = -h**2 - 5*h - 1. Let d(z) = z**2 + z + 1. Let k(b) = 2*d(b) + q(b). Give k(n).
5
Let a be 9/(-2) - (-21)/14. Let x(t) = t**2 + 4*t. Determine x(a).
-3
Let n(q) = -q**2 + 2*q - 1. Let l(g) = g**2 + 8*g - 11. Let a be l(-9). What is n(a)?
-9
Let i be 4/16 + (-34)/8. Let w(o) = o**3 + 3*o**2 - 4*o + 2. Give w(i).
2
Let d(f) = f - 5. Let o = -5 - -10. Determine d(o).
0
Suppose 0*z - 2*d = 2*z + 8, 56 = -5*z + 4*d. Let r(i) = i + 6. What is r(z)?
-2
Let f(g) = -g**3 - 8*g**2 - g - 3. Let j be f(-8). Let a(o) = 4 + o**3 - 8*o**2 + 3*o + 2*o + 2*o**2. What is a(j)?
4
Let b(s) = 25*s**2 - 5*s + 7. Let w(n) = 13*n**2 - 3*n + 4. Let x(d) = 4*b(d) - 7*w(d). What is x(1)?
10
Let x = -5 - -7. Suppose -x*l = -3*l. Let h(g) = -g**2 - g + 2. Calculate h(l).
2
Let l(r) = -r**2. Let t(c) = 4*c**2 - c + 1. Let x(h) = l(h) + t(h). Let i(m) = -2*m**3 - m**2 + m + 1. Let d be i(-1). What is x(d)?
3
Let l(o) = o**2 + 10*o - 24. Let g be l(-12). Let m(q) = q**2 - q + 15. Give m(g).
15
Let v(a) = 18*a - 18. Let t(j) = 2*j - 2. Let p(d) = -52*t(d) + 6*v(d). Suppose 2 = 4*x - 10. What is p(x)?
8
Let f = 0 - -3. Suppose -f*v - 5*h = -27, -3*h + 5*h = -2*v + 14. Let a(r) be the second derivative of -r**3/6 + 3*r**2 - r. Give a(v).
2
Let c = -9 + 12. Let v(r) = r**2 - 3*r - 2. Give v(c).
-2
Let f(o) = -o**3 - 2*o**2 - o + 2. Let n be f(-2). Suppose -16 = n*k + 20. Let m(b) = 2*b + 13. Calculate m(k).
-5
Let t = 8 - 5. Let r(w) = 4 + 3*w**2 - w**t - w**3 + 2*w + 3*w**3 - w. What is r(-3)?
1
Let n(y) = -y**2 + 6*y + 13. Let w be n(7). Let b(f) = -1 + f - 5 + f**2 - 1 - w*f. What is b(5)?
-7
Suppose 2*w + 3*f = -w - 9, -3*f = 0. Let j(h) be the third derivative of 0*h - 10*h**2 + 0*h**3 - 1/24*h**4 + 0. Determine j(w).
3
Let i(z) = -3 + 6*z**2 + 2 - 2*z**3 - 7*z + 5*z**3 - 2*z**3. Calculate i(-7).
-1
Let c(a) = 3*a - 6. Let h(t) = 5*t**2. Let z(p) = -9*p**2. Let g(v) = 11*h(v) + 6*z(v). Let j be g(2). Determine c(j).
6
Let n(m) = 2*m**2 - m - 2. Let q(g) = 5*g + 3. Let w be q(3). Suppose -b + w = 16. Determine n(b).
4
Let g(d) be the first derivative of d**3/3 - d**2 - 12. What is g(2)?
0
Let g(i) be the second derivative of -i**5/20 + i**3/6 - i**2/2 + 2*i - 1. Determine g(0).
-1
Let v(x) be the first derivative of x**2/2 + 3*x - 46. Give v(-5).
-2
Let m be (-2)/6 - (-2)/6. Let p(a) = 182*a**2 + 1 - 92*a**2 - 91*a**2. Give p(m).
1
Let v be 1 - (-1)/(1/(-4)). Suppose -t - 3*t = -56. Let r(p) = -2*p - 2*p + 5*p - t + 13. Calculate r(v).
-4
Let c(a) = 2*a**2 + a. Let n be 1 + -1 + 0 + 2. Suppose 10 + n = 4*t. Suppose -3*k + 4 = y, 0 = t*y - 6*y - 3*k + 6. Calculate c(y).
3
Let l(f) = f**3 - f**2 - 7. Let g be -7 - (1/(-1) + 0). Let x = -6 - g. Give l(x).
-7
Let f(g) be the third derivative of g**4/24 + 11*g**3/3 + 23*g**2. Determine f(-10).
12
Suppose -2*q - 120 = 13*q. Let u(v) = -v - 18. Give u(q).
-10
Let j be (-2)/4 - 3/6. Suppose 13*u + 14 = 20*u. Let y(p) = p. Let r(v) = v**3 - 5*v**2 + 3*v + 2. Let o(a) = j*r(a) + u*y(a). Calculate o(5).
-7
Let s(c) be the second derivative of 1/24*c**4 + 5/6*c**3 + 0 - 3*c + c**2. Let g(y) be the first derivative of s(y). Calculate g(0).
5
Let d be ((-1)/3)/((-5)/(-2595)). Let i be d/(-9) + (-6)/27. Suppose -4*b + 9*f - i = 4*f, -3 = -3*b - 2*f. Let c(m) = -m**2 - m - 1. Calculate c(b).
-1
Let a(j) = -2*j - 4. Let x(v) = -v**3 + 2*v**2 + 3*v + 1. Let y be x(3). Suppose 0 = 2*g - 7*g - 10. Let l be y*(g + (2 - 3)). What is a(l)?
2
Let a(y) = 4*y + 3*y - y + 4*y + 12 + y**2. Give a(-9).
3
Let a(i) = -6 + 0 - 2 - 7 - 2*i. Let o(w) = -w - 7. Let s(n) = -6*a(n) + 13*o(n). Determine s(-1).
0
Let b(d) = -d**3 - 2*d**2 + 2*d - 3. Suppose 3 = -r + 4*z, 7*z = 9*z. Calculate b(r).
0
Let r(v) = -v + 8. Let l be ((-28)/(-70))/((2/(-30))/(-1)). Calculate r(l).
2
Let p(j) = 3*j**3 + 11*j**2 + 4*j + 13. Let v(h) = -7*h**3 - 22*h**2 - 9*h - 26. Let m(x) = 5*p(x) + 2*v(x). Determine m(-11).
-9
Let f(q) = -q**2 - 2*q - 5. Let r(n) = -n**2 - 3*n - 5. Let s(z) = 4*f(z) - 5*r(z). Determine s(-6).
-1
Let k = -2 - -3. Let a be (0/7)/(k - 0). Let h(s) = s - 3. Calculate h(a).
-3
Let b be (-1 - -1) + -1*10/2. Let k(t) = 4*t + 4. What is k(b)?
-16
Let t(f) = -f**2. Let b(h) = -h**3 - 2*h**2 + 2*h + 2. Let d(l) = -b(l) - t(l). Calculate d(-2).
6
Let v(f) = -3*f**2 + 3*f + 5. Let g(x) = 7*x**2 - 6*x - 10. Let o = 8 + -10. Let u(w) = o*g(w) - 5*v(w). Give u(5).
5
Let h(g) = 5*g - 6*g - 2 + 5. Suppose 4 = 9*l - 14. Give h(l).
1
Let s = -3 + 